{"id":401,"date":"2025-07-29T14:10:17","date_gmt":"2025-07-29T12:10:17","guid":{"rendered":"https:\/\/mu.mymuseum.it\/basilicadisanzeno\/?page_id=401"},"modified":"2025-07-29T14:10:18","modified_gmt":"2025-07-29T12:10:18","slug":"quienes-somos","status":"publish","type":"page","link":"https:\/\/mu.mymuseum.it\/basilicadisanzeno\/es\/quienes-somos\/","title":{"rendered":"\u00bfQui\u00e9nes somos?"},"content":{"rendered":"\n<div class=\"wp-block-group is-layout-constrained wp-block-group-is-layout-constrained\">\n<div style=\"height:20px\" aria-hidden=\"true\" class=\"wp-block-spacer\"><\/div>\n\n\n\n<h1 class=\"wp-block-heading has-text-color has-text-title-font-size\" style=\"color:var(--wp--preset--color--foreground);padding-right:var(--wp--preset--spacing--5);padding-left:var(--wp--preset--spacing--5)\">\u00bfQui\u00e9nes somos?<\/h1>\n\n\n\n<div style=\"height:20px\" aria-hidden=\"true\" class=\"wp-block-spacer\"><\/div>\n\n\n\n<p class=\"has-text-title-small-font-size\" style=\"padding-right:var(--wp--preset--spacing--5);padding-left:var(--wp--preset--spacing--5)\">myMuseum es una marca de lineadacqua edizioni, una empresa especializada en el \u00e1mbito de la valorizaci\u00f3n cultural.<\/p>\n\n\n\n<div style=\"height:20px\" aria-hidden=\"true\" class=\"wp-block-spacer\"><\/div>\n\n\n\n<p style=\"padding-right:var(--wp--preset--spacing--5);padding-left:var(--wp--preset--spacing--5)\">Apoyamos a las <strong>entidades culturales<\/strong> en la narraci\u00f3n de su <strong>patrimonio art\u00edstico<\/strong>, no solo a trav\u00e9s de publicaciones de estilo tradicional, sino tambi\u00e9n mediante modalidades innovadoras tanto desde el punto de vista de los contenidos como de las tecnolog\u00edas.<\/p>\n\n\n\n<div style=\"height:20px\" aria-hidden=\"true\" class=\"wp-block-spacer\"><\/div>\n\n\n\n<p style=\"padding-right:var(--wp--preset--spacing--5);padding-left:var(--wp--preset--spacing--5)\"><strong>myMuseum<\/strong> es una<strong> realidad compuesta<\/strong> por un equipo multidisciplinar de profesionales que ofrece un producto innovador, personalizable y flexible: una audiogu\u00eda digital e inteligente que permite a las personas disfrutar de una experiencia de visita a los museos <strong>m\u00e1s rica<\/strong> y <strong>completa<\/strong>.<\/p>\n\n\n\n<div style=\"height:20px\" aria-hidden=\"true\" class=\"wp-block-spacer\"><\/div>\n\n\n\n<p style=\"padding-right:var(--wp--preset--spacing--5);padding-left:var(--wp--preset--spacing--5)\">En agosto de 2024 se lanzar\u00e1 la nueva plataforma <strong>myMuseumNEXT<\/strong>, ideada y desarrollada para ser accesible a un p\u00fablico m\u00e1s amplio. La t\u00e9cnica del storytelling permite obtener una experiencia de visita capaz de estimular m\u00e1s sentidos, mientras que la estructura inform\u00e1tica de la web app permite una f\u00e1cil lectura de las p\u00e1ginas por parte de las tecnolog\u00edas de asistencia utilizadas por personas con discapacidad visual.<\/p>\n\n\n\n<div style=\"height:20px\" aria-hidden=\"true\" class=\"wp-block-spacer\"><\/div>\n\n\n\n<p style=\"padding-right:var(--wp--preset--spacing--5);padding-left:var(--wp--preset--spacing--5)\"><strong>myMuseumNEXT<\/strong> se realiza con el apoyo del <strong>PNRR &#8211; Incentivo &#8220;TOCC&#8221;<\/strong>, financiado por la Uni\u00f3n Europea &#8211; Next Generation EU. En concreto, Subinversi\u00f3n 3.3.2 &#8220;Apoyo a los sectores culturales y creativos para la innovaci\u00f3n y la transici\u00f3n digital&#8221;, es decir, la Acci\u00f3n A2.<\/p>\n\n\n\n<div style=\"height:40px\" aria-hidden=\"true\" class=\"wp-block-spacer\"><\/div>\n<\/div>\n\n\n\n<div class=\"wp-block-group has-darkpanelforeground-color has-tertiary-background-color has-text-color has-background has-link-color wp-elements-3248253bf4542633c56020a0c85e4dbb is-layout-constrained wp-container-core-group-is-layout-e382d8bf wp-block-group-is-layout-constrained\" style=\"padding-top:var(--wp--preset--spacing--5);padding-right:0;padding-bottom:var(--wp--preset--spacing--5);padding-left:0\">\n<h2 class=\"wp-block-heading has-tertiaryforeground-color has-text-color has-link-color wp-elements-5abde34334305964fcbb7cc7b4a14417\" style=\"padding-right:var(--wp--preset--spacing--5);padding-left:var(--wp--preset--spacing--5)\"><strong>Contactos<\/strong><\/h2>\n\n\n\n<div style=\"height:20px\" aria-hidden=\"true\" class=\"wp-block-spacer\"><\/div>\n\n\n\n<h3 class=\"wp-block-heading has-tertiaryforeground-color has-text-color has-link-color wp-elements-b6d52a6d48d2118fd9e99bccd99f950c\" style=\"padding-right:var(--wp--preset--spacing--5);padding-left:var(--wp--preset--spacing--5)\">Direcci\u00f3n:<\/h3>\n\n\n\n<p class=\"has-tertiaryforeground-color has-text-color has-link-color wp-elements-fb4b51b3eb022ad7ae9f6671a1780e14\" style=\"padding-right:var(--wp--preset--spacing--5);padding-left:var(--wp--preset--spacing--5)\">Calle della Mandola<br>San Marco 3716\/b<br>30124 Venezia<\/p>\n\n\n\n<div style=\"height:20px\" aria-hidden=\"true\" class=\"wp-block-spacer\"><\/div>\n\n\n\n<h3 class=\"wp-block-heading has-tertiaryforeground-color has-text-color has-link-color wp-elements-94b6ade485716613f28d2b6792a2a569\" style=\"padding-right:var(--wp--preset--spacing--5);padding-left:var(--wp--preset--spacing--5)\">Correo electr\u00f3nico:<\/h3>\n\n\n\n<p class=\"has-tertiaryforeground-color has-text-color has-link-color wp-elements-8f235d52d73c736307d9e97b371ec456\" style=\"padding-right:var(--wp--preset--spacing--5);padding-left:var(--wp--preset--spacing--5)\"><a href=\"mailto:redazione@lineadacqua.com\"><span style=\"text-decoration: underline;\">redazione@lineadacqua.com<\/span><\/a><\/p>\n\n\n\n<div style=\"height:20px\" aria-hidden=\"true\" class=\"wp-block-spacer\"><\/div>\n\n\n\n<h3 class=\"wp-block-heading has-tertiaryforeground-color has-text-color has-link-color wp-elements-464ed5d0b34322d4b5946da8d9530a10\" style=\"padding-right:var(--wp--preset--spacing--5);padding-left:var(--wp--preset--spacing--5)\">Sitio web:<\/h3>\n\n\n\n<p class=\"has-tertiaryforeground-color has-text-color\" style=\"padding-right:var(--wp--preset--spacing--5);padding-left:var(--wp--preset--spacing--5)\"><span style=\"text-decoration: underline;\"><a href=\"https:\/\/www.lineadacqua.com\" target=\"_blank\" rel=\"noreferrer noopener\">lineadacqua.com<\/a><br><\/span><a href=\"https:\/\/www.mymuseum.it\/\" target=\"_blank\" rel=\"noreferrer noopener\"><span style=\"text-decoration: underline;\">mymuseum.it<\/span><\/a><\/p>\n<\/div>\n","protected":false},"excerpt":{"rendered":"<p>\u00bfQui\u00e9nes somos? myMuseum es una marca de lineadacqua edizioni, una empresa especializada en el \u00e1mbito de la valorizaci\u00f3n cultural. Apoyamos a las entidades culturales en la narraci\u00f3n de su patrimonio art\u00edstico, no solo a trav\u00e9s de publicaciones de estilo tradicional, sino tambi\u00e9n mediante modalidades innovadoras tanto desde el punto de vista de los contenidos como [&hellip;]<\/p>\n","protected":false},"author":4,"featured_media":0,"parent":0,"menu_order":0,"comment_status":"closed","ping_status":"closed","template":"","meta":{"_acf_changed":false,"footnotes":""},"class_list":["post-401","page","type-page","status-publish","hentry"],"acf":[],"_links":{"self":[{"href":"https:\/\/mu.mymuseum.it\/basilicadisanzeno\/wp-json\/wp\/v2\/pages\/401","targetHints":{"allow":["GET"]}}],"collection":[{"href":"https:\/\/mu.mymuseum.it\/basilicadisanzeno\/wp-json\/wp\/v2\/pages"}],"about":[{"href":"https:\/\/mu.mymuseum.it\/basilicadisanzeno\/wp-json\/wp\/v2\/types\/page"}],"author":[{"embeddable":true,"href":"https:\/\/mu.mymuseum.it\/basilicadisanzeno\/wp-json\/wp\/v2\/users\/4"}],"replies":[{"embeddable":true,"href":"https:\/\/mu.mymuseum.it\/basilicadisanzeno\/wp-json\/wp\/v2\/comments?post=401"}],"version-history":[{"count":1,"href":"https:\/\/mu.mymuseum.it\/basilicadisanzeno\/wp-json\/wp\/v2\/pages\/401\/revisions"}],"predecessor-version":[{"id":402,"href":"https:\/\/mu.mymuseum.it\/basilicadisanzeno\/wp-json\/wp\/v2\/pages\/401\/revisions\/402"}],"wp:attachment":[{"href":"https:\/\/mu.mymuseum.it\/basilicadisanzeno\/wp-json\/wp\/v2\/media?parent=401"}],"curies":[{"name":"wp","href":"https:\/\/api.w.org\/{rel}","templated":true}]}}