{"id":424,"date":"2025-07-29T14:32:05","date_gmt":"2025-07-29T12:32:05","guid":{"rendered":"https:\/\/mu.mymuseum.it\/basilicadisanzeno\/?page_id=424"},"modified":"2025-09-08T10:20:42","modified_gmt":"2025-09-08T08:20:42","slug":"presentation-de-leglise","status":"publish","type":"page","link":"https:\/\/mu.mymuseum.it\/basilicadisanzeno\/fr\/presentation-de-leglise\/","title":{"rendered":"Pr\u00e9sentation de l&#8217;\u00e9glise"},"content":{"rendered":"\n<h1 class=\"wp-block-heading has-text-color has-text-title-font-size\" style=\"color:var(--wp--preset--color--foreground);padding-right:var(--wp--preset--spacing--5);padding-left:var(--wp--preset--spacing--5)\">Pr\u00e9sentation de l&#8217;\u00e9glise<\/h1>\n\n\n\n<div style=\"height:10px\" aria-hidden=\"true\" class=\"wp-block-spacer\"><\/div>\n\n\n\t<a href=\"https:\/\/mu.mymuseum.it\/basilicadisanzeno\/fr\/presentation-de-leglise\/rappel-historique\/\" style=\"margin-top: var(--wp--preset--spacing--5);margin-right: var(--wp--preset--spacing--5);margin-left: var(--wp--preset--spacing--5);background-color: var(--wp--preset--color--lightpanel); background-color:var(--wp--preset--color--lightpanel); margin-top:var(--wp--preset--spacing--5);margin-right:var(--wp--preset--spacing--5);margin-left:var(--wp--preset--spacing--5);\" class=\"has-overflow-hidden has-rounded-xl has-block  has-overflow-hidden has-rounded-xl wp-block-eionext-tile-link has-background\" >\n\t\t\n\n<figure class=\"wp-block-image aligncenter size-large has-border-b-4 has-border-primary\"><img data-dominant-color=\"907461\" data-has-transparency=\"false\" style=\"--dominant-color: #907461;\" loading=\"lazy\" decoding=\"async\" width=\"1024\" height=\"680\" sizes=\"auto, (max-width: 840px) 100vw, 840px\" src=\"https:\/\/mu.mymuseum.it\/basilicadisanzeno\/wp-content\/uploads\/sites\/91\/2025\/09\/Introduzione-e-cenni-storici-1024x680.jpg\" alt=\"\" class=\"wp-image-1080 not-transparent\" srcset=\"https:\/\/mu.mymuseum.it\/basilicadisanzeno\/wp-content\/uploads\/sites\/91\/2025\/09\/Introduzione-e-cenni-storici-1024x680.jpg 1024w, https:\/\/mu.mymuseum.it\/basilicadisanzeno\/wp-content\/uploads\/sites\/91\/2025\/09\/Introduzione-e-cenni-storici-300x199.jpg 300w, https:\/\/mu.mymuseum.it\/basilicadisanzeno\/wp-content\/uploads\/sites\/91\/2025\/09\/Introduzione-e-cenni-storici-768x510.jpg 768w, https:\/\/mu.mymuseum.it\/basilicadisanzeno\/wp-content\/uploads\/sites\/91\/2025\/09\/Introduzione-e-cenni-storici-1536x1020.jpg 1536w, https:\/\/mu.mymuseum.it\/basilicadisanzeno\/wp-content\/uploads\/sites\/91\/2025\/09\/Introduzione-e-cenni-storici.jpg 1600w\" \/><\/figure>\n\n\n\n<div class=\"wp-block-group has-border-l has-border-b has-border-r has-rounded-b-xl has-border-color is-layout-flow wp-block-group-is-layout-flow\" style=\"border-color:var(--wp--preset--color--light);padding-top:1rem;padding-right:15px;padding-bottom:1rem;padding-left:15px\">\n<h3 class=\"wp-block-heading has-text-color has-text-title-small-font-size\" style=\"color:var(--wp--preset--color--foreground);margin-top:0.5rem\">Rappel historique<\/h3>\n\n\n\n\t<div class=\"has-container has-mx-auto mt-4\">\n\t\t<div class=\"has-flex\">\n\t\t\t<div class=\"has-relative has-bottom-px\">\n\t\t\t\t<svg width=\"20px\" height=\"24\" viewBox=\"0 0 25 24\" fill=\"none\" xmlns=\"http:\/\/www.w3.org\/2000\/svg\">\n<path d=\"M16.1603 9.00009C16.788 9.83575 17.1599 10.8745 17.1599 12.0001C17.1599 13.1257 16.788 14.1644 16.1603 15.0001M18.1599 5.29177C20.0011 6.93973 21.1599 9.33459 21.1599 12.0001C21.1599 14.6656 20.0011 17.0604 18.1599 18.7084M4.75991 9.00009H5.66111C6.21204 9.00009 6.4875 9.00009 6.74276 8.93141C6.96894 8.87056 7.18266 8.77046 7.3742 8.63566C7.59038 8.48353 7.76672 8.27191 8.11942 7.84868L10.7453 4.69758C11.181 4.17476 11.3988 3.91335 11.5891 3.88614C11.7539 3.86258 11.9196 3.92258 12.0311 4.04617C12.1599 4.18889 12.1599 4.52917 12.1599 5.20973V18.7904C12.1599 19.471 12.1599 19.8113 12.0311 19.954C11.9196 20.0776 11.7539 20.1376 11.5891 20.114C11.3989 20.0868 11.181 19.8254 10.7453 19.3026L8.11942 16.1515C7.76672 15.7283 7.59038 15.5166 7.3742 15.3645C7.18266 15.2297 6.96894 15.1296 6.74276 15.0688C6.4875 15.0001 6.21204 15.0001 5.66111 15.0001H4.75991C4.19986 15.0001 3.91983 15.0001 3.70592 14.8911C3.51776 14.7952 3.36478 14.6422 3.2689 14.4541C3.15991 14.2402 3.15991 13.9601 3.15991 13.4001V10.6001C3.15991 10.04 3.15991 9.76001 3.2689 9.54609C3.36478 9.35793 3.51776 9.20495 3.70592 9.10908C3.91983 9.00009 4.19986 9.00009 4.75991 9.00009Z\" stroke=\"var(--wp--preset--color--gray)\" stroke-width=\"2\" stroke-linecap=\"round\" stroke-linejoin=\"round\"\/>\n<\/svg>\t\t\t<\/div>\n\t\t\t<div class=\"has-w-full has-ps-3 has-text-small-font-size has-text-gray\" style=\"color:var(--wp--preset--color--gray)\">\n\t\t\t\t\u00c9coutez\t\t\t<\/div>\n\t\t<\/div>\n\t<\/div>\n<\/div>\n\n\t<\/a>\n\n\n\n<div style=\"height:20px\" aria-hidden=\"true\" class=\"wp-block-spacer\"><\/div>\n\n\n\t<a href=\"https:\/\/mu.mymuseum.it\/basilicadisanzeno\/fr\/presentation-de-leglise\/cloitre\/\" style=\"margin-top: var(--wp--preset--spacing--5);margin-right: var(--wp--preset--spacing--5);margin-left: var(--wp--preset--spacing--5);background-color: var(--wp--preset--color--lightpanel); background-color:var(--wp--preset--color--lightpanel); margin-top:var(--wp--preset--spacing--5);margin-right:var(--wp--preset--spacing--5);margin-left:var(--wp--preset--spacing--5);\" class=\"has-overflow-hidden has-rounded-xl has-block  has-overflow-hidden has-rounded-xl wp-block-eionext-tile-link has-background\" >\n\t\t\n\n<figure class=\"wp-block-image aligncenter size-full has-border-b-4 has-border-primary\"><img data-dominant-color=\"554c36\" data-has-transparency=\"false\" style=\"--dominant-color: #554c36;\" loading=\"lazy\" decoding=\"async\" width=\"1600\" height=\"1053\" sizes=\"auto, (max-width: 840px) 100vw, 840px\" src=\"https:\/\/mu.mymuseum.it\/basilicadisanzeno\/wp-content\/uploads\/sites\/91\/2025\/09\/Il-chiostro-2.jpg\" alt=\"\" class=\"wp-image-1081 not-transparent\" srcset=\"https:\/\/mu.mymuseum.it\/basilicadisanzeno\/wp-content\/uploads\/sites\/91\/2025\/09\/Il-chiostro-2.jpg 1600w, https:\/\/mu.mymuseum.it\/basilicadisanzeno\/wp-content\/uploads\/sites\/91\/2025\/09\/Il-chiostro-2-300x197.jpg 300w, https:\/\/mu.mymuseum.it\/basilicadisanzeno\/wp-content\/uploads\/sites\/91\/2025\/09\/Il-chiostro-2-1024x674.jpg 1024w, https:\/\/mu.mymuseum.it\/basilicadisanzeno\/wp-content\/uploads\/sites\/91\/2025\/09\/Il-chiostro-2-768x505.jpg 768w, https:\/\/mu.mymuseum.it\/basilicadisanzeno\/wp-content\/uploads\/sites\/91\/2025\/09\/Il-chiostro-2-1536x1011.jpg 1536w\" \/><\/figure>\n\n\n\n<div class=\"wp-block-group has-border-l has-border-b has-border-r has-rounded-b-xl has-border-color is-layout-flow wp-block-group-is-layout-flow\" style=\"border-color:var(--wp--preset--color--light);padding-top:1rem;padding-right:15px;padding-bottom:1rem;padding-left:15px\">\n<h3 class=\"wp-block-heading has-text-color has-text-title-small-font-size\" style=\"color:var(--wp--preset--color--foreground);margin-top:0.5rem\">Cloitre<\/h3>\n\n\n\n\t<div class=\"has-container has-mx-auto mt-4\">\n\t\t<div class=\"has-flex\">\n\t\t\t<div class=\"has-relative has-bottom-px\">\n\t\t\t\t<svg width=\"20px\" height=\"24\" viewBox=\"0 0 25 24\" fill=\"none\" xmlns=\"http:\/\/www.w3.org\/2000\/svg\">\n<path d=\"M16.1603 9.00009C16.788 9.83575 17.1599 10.8745 17.1599 12.0001C17.1599 13.1257 16.788 14.1644 16.1603 15.0001M18.1599 5.29177C20.0011 6.93973 21.1599 9.33459 21.1599 12.0001C21.1599 14.6656 20.0011 17.0604 18.1599 18.7084M4.75991 9.00009H5.66111C6.21204 9.00009 6.4875 9.00009 6.74276 8.93141C6.96894 8.87056 7.18266 8.77046 7.3742 8.63566C7.59038 8.48353 7.76672 8.27191 8.11942 7.84868L10.7453 4.69758C11.181 4.17476 11.3988 3.91335 11.5891 3.88614C11.7539 3.86258 11.9196 3.92258 12.0311 4.04617C12.1599 4.18889 12.1599 4.52917 12.1599 5.20973V18.7904C12.1599 19.471 12.1599 19.8113 12.0311 19.954C11.9196 20.0776 11.7539 20.1376 11.5891 20.114C11.3989 20.0868 11.181 19.8254 10.7453 19.3026L8.11942 16.1515C7.76672 15.7283 7.59038 15.5166 7.3742 15.3645C7.18266 15.2297 6.96894 15.1296 6.74276 15.0688C6.4875 15.0001 6.21204 15.0001 5.66111 15.0001H4.75991C4.19986 15.0001 3.91983 15.0001 3.70592 14.8911C3.51776 14.7952 3.36478 14.6422 3.2689 14.4541C3.15991 14.2402 3.15991 13.9601 3.15991 13.4001V10.6001C3.15991 10.04 3.15991 9.76001 3.2689 9.54609C3.36478 9.35793 3.51776 9.20495 3.70592 9.10908C3.91983 9.00009 4.19986 9.00009 4.75991 9.00009Z\" stroke=\"var(--wp--preset--color--gray)\" stroke-width=\"2\" stroke-linecap=\"round\" stroke-linejoin=\"round\"\/>\n<\/svg>\t\t\t<\/div>\n\t\t\t<div class=\"has-w-full has-ps-3 has-text-small-font-size has-text-gray\" style=\"color:var(--wp--preset--color--gray)\">\n\t\t\t\t\u00c9coutez\t\t\t<\/div>\n\t\t<\/div>\n\t<\/div>\n<\/div>\n\n\t<\/a>\n\n\n\n<div style=\"height:40px\" aria-hidden=\"true\" class=\"wp-block-spacer\"><\/div>\n\n\n<div style=\"margin-top: var(--wp--preset--spacing--6);margin-right: var(--wp--preset--spacing--5);margin-bottom: var(--wp--preset--spacing--5);margin-left: var(--wp--preset--spacing--5); margin-top:var(--wp--preset--spacing--6);margin-right:var(--wp--preset--spacing--5);margin-bottom:var(--wp--preset--spacing--5);margin-left:var(--wp--preset--spacing--5);\" class=\"wp-block-eionext-tile-heading\" >\n\t\n\n<h2 class=\"wp-block-heading has-text-color has-text-title-secondary-font-size\" style=\"color:var(--wp--preset--color--foreground);padding-top:0;padding-right:15px;padding-bottom:0;padding-left:15px\">L\u2019histoire de l\u2019\u00e9glise \u00e0 travers les \u00e9tages et les \u0153uvres d\u2019art<\/h2>\n\n<\/div>\n\n\t<a href=\"https:\/\/mu.mymuseum.it\/basilicadisanzeno\/fr\/itineraire-de-visite-conseille\/\" style=\"margin-top: var(--wp--preset--spacing--5);margin-right: var(--wp--preset--spacing--5);margin-left: var(--wp--preset--spacing--5);background-color: var(--wp--preset--color--lightpanel); background-color:var(--wp--preset--color--lightpanel); margin-top:var(--wp--preset--spacing--5);margin-right:var(--wp--preset--spacing--5);margin-left:var(--wp--preset--spacing--5);\" class=\"has-overflow-hidden has-rounded-xl has-block  has-overflow-hidden has-rounded-xl wp-block-eionext-tile-link has-background\" >\n\t\t\n\n<figure class=\"wp-block-image aligncenter size-large has-border-b-4 has-border-primary\"><img data-dominant-color=\"7c6750\" data-has-transparency=\"false\" style=\"--dominant-color: #7c6750;\" loading=\"lazy\" decoding=\"async\" width=\"1024\" height=\"545\" sizes=\"auto, (max-width: 840px) 100vw, 840px\" src=\"https:\/\/mu.mymuseum.it\/basilicadisanzeno\/wp-content\/uploads\/sites\/91\/2025\/03\/inizia-la-visita-1024x545.jpeg\" alt=\"\" class=\"wp-image-22 not-transparent\" srcset=\"https:\/\/mu.mymuseum.it\/basilicadisanzeno\/wp-content\/uploads\/sites\/91\/2025\/03\/inizia-la-visita-1024x545.jpeg 1024w, https:\/\/mu.mymuseum.it\/basilicadisanzeno\/wp-content\/uploads\/sites\/91\/2025\/03\/inizia-la-visita-300x160.jpeg 300w, https:\/\/mu.mymuseum.it\/basilicadisanzeno\/wp-content\/uploads\/sites\/91\/2025\/03\/inizia-la-visita-768x409.jpeg 768w, https:\/\/mu.mymuseum.it\/basilicadisanzeno\/wp-content\/uploads\/sites\/91\/2025\/03\/inizia-la-visita-1536x817.jpeg 1536w, https:\/\/mu.mymuseum.it\/basilicadisanzeno\/wp-content\/uploads\/sites\/91\/2025\/03\/inizia-la-visita.jpeg 1586w\" \/><\/figure>\n\n\n\n<div class=\"wp-block-group has-border-l has-border-b has-border-r has-rounded-b-xl has-border-color is-layout-flow wp-block-group-is-layout-flow\" style=\"border-color:var(--wp--preset--color--light);padding-top:1rem;padding-right:15px;padding-bottom:1rem;padding-left:15px\">\n<h3 class=\"wp-block-heading has-text-color has-text-title-small-font-size\" style=\"color:var(--wp--preset--color--foreground);margin-top:0.5rem\">Commence la visite<\/h3>\n\n\n\n\t<div class=\"has-container has-mx-auto mt-4\">\n\t\t<div class=\"has-flex\">\n\t\t\t<div class=\"has-relative has-bottom-px\">\n\t\t\t\t<svg width=\"20px\" height=\"24\" viewBox=\"0 0 25 24\" fill=\"none\" xmlns=\"http:\/\/www.w3.org\/2000\/svg\">\n<path d=\"M12.498 7.00012V12.0001H15.498M21.498 12.0001C21.498 16.9707 17.4686 21.0001 12.498 21.0001C7.52749 21.0001 3.49805 16.9707 3.49805 12.0001C3.49805 7.02956 7.52749 3.00012 12.498 3.00012C17.4686 3.00012 21.498 7.02956 21.498 12.0001Z\" stroke=\"var(--wp--preset--color--gray)\" stroke-width=\"2\" stroke-linecap=\"round\" stroke-linejoin=\"round\"\/>\n<\/svg>\t\t\t<\/div>\n\t\t\t<div class=\"has-w-full has-ps-3 has-text-small-font-size has-text-gray\" style=\"color:var(--wp--preset--color--gray)\">\n\t\t\t\t14 minutes\t\t\t<\/div>\n\t\t<\/div>\n\t<\/div>\n<\/div>\n\n\t<\/a>\n\n\n\n<div style=\"height:40px\" aria-hidden=\"true\" class=\"wp-block-spacer\"><\/div>\n\n\n\n<div class=\"wp-block-group has-darkpanel-background-color has-background is-layout-constrained wp-container-core-group-is-layout-34d6c6f9 wp-block-group-is-layout-constrained\" style=\"padding-right:var(--wp--preset--spacing--5);padding-left:var(--wp--preset--spacing--5)\">\n<div style=\"height:40px\" aria-hidden=\"true\" class=\"wp-block-spacer\"><\/div>\n\n\n\n<div class=\"wp-block-group is-layout-constrained wp-container-core-group-is-layout-a7c31ef8 wp-block-group-is-layout-constrained\" style=\"padding-right:0;padding-left:0\">\n<div class=\"wp-block-buttons is-layout-flex wp-block-buttons-is-layout-flex\">\n<div class=\"wp-block-button\"><a class=\"wp-block-button__link has-buttonforeground-color has-buttonbackground-background-color has-text-color has-background has-link-color has-text-small-font-size has-custom-font-size wp-element-button\" href=\"https:\/\/mu.mymuseum.it\/basilicadisanzeno\/fr\/\" style=\"border-radius:4px;padding-top:var(--wp--preset--spacing--1);padding-right:var(--wp--preset--spacing--3);padding-bottom:var(--wp--preset--spacing--1);padding-left:var(--wp--preset--spacing--3)\"><strong>\u2039 Retour \u00e0 la page d&#8217;accueil<\/strong><\/a><\/div>\n<\/div>\n<\/div>\n\n\n\n<div style=\"height:40px\" aria-hidden=\"true\" class=\"wp-block-spacer\"><\/div>\n<\/div>\n","protected":false},"excerpt":{"rendered":"<p>Pr\u00e9sentation de l&#8217;\u00e9glise<\/p>\n","protected":false},"author":4,"featured_media":1004,"parent":0,"menu_order":0,"comment_status":"closed","ping_status":"closed","template":"","meta":{"_acf_changed":false,"footnotes":""},"class_list":["post-424","page","type-page","status-publish","has-post-thumbnail","hentry"],"acf":[],"_links":{"self":[{"href":"https:\/\/mu.mymuseum.it\/basilicadisanzeno\/wp-json\/wp\/v2\/pages\/424","targetHints":{"allow":["GET"]}}],"collection":[{"href":"https:\/\/mu.mymuseum.it\/basilicadisanzeno\/wp-json\/wp\/v2\/pages"}],"about":[{"href":"https:\/\/mu.mymuseum.it\/basilicadisanzeno\/wp-json\/wp\/v2\/types\/page"}],"author":[{"embeddable":true,"href":"https:\/\/mu.mymuseum.it\/basilicadisanzeno\/wp-json\/wp\/v2\/users\/4"}],"replies":[{"embeddable":true,"href":"https:\/\/mu.mymuseum.it\/basilicadisanzeno\/wp-json\/wp\/v2\/comments?post=424"}],"version-history":[{"count":6,"href":"https:\/\/mu.mymuseum.it\/basilicadisanzeno\/wp-json\/wp\/v2\/pages\/424\/revisions"}],"predecessor-version":[{"id":1082,"href":"https:\/\/mu.mymuseum.it\/basilicadisanzeno\/wp-json\/wp\/v2\/pages\/424\/revisions\/1082"}],"wp:featuredmedia":[{"embeddable":true,"href":"https:\/\/mu.mymuseum.it\/basilicadisanzeno\/wp-json\/wp\/v2\/media\/1004"}],"wp:attachment":[{"href":"https:\/\/mu.mymuseum.it\/basilicadisanzeno\/wp-json\/wp\/v2\/media?parent=424"}],"curies":[{"name":"wp","href":"https:\/\/api.w.org\/{rel}","templated":true}]}}